{"id":406,"date":"2020-04-20T17:10:51","date_gmt":"2020-04-20T14:10:51","guid":{"rendered":"https:\/\/www.editorial.lt\/shop\/?post_type=product&#038;p=406"},"modified":"2020-05-20T16:10:19","modified_gmt":"2020-05-20T13:10:19","slug":"spindulelis","status":"publish","type":"product","link":"https:\/\/www.editorial.lt\/shop\/lt\/product\/spindulelis\/","title":{"rendered":"Spindul\u0117lis"},"content":{"rendered":"<p>K\u016briniu <em>Spindul\u0117lis<\/em> (Sparkle) Tomas Sinkevi\u010dius ir Vit\u0117 Bra\u017ei\u016bnait\u0117 domisi, kaip mes patiriame gamt\u0105. Darbe atsikartoja ankstesniuose projektuose <em>Skinny Dip<\/em> (2018) ir <em>Watery Eyes<\/em> (2019) naudotos apsaugin\u0117s, UV spindulius blokuojan\u010dios, poliarizuotos med\u017eiagos. Darbe <em>Spindul\u0117lis<\/em> pro soliarin\u0119, nuo kar\u0161\u010dio kambarius ir automobili\u0173 salonus apsaugan\u010di\u0105 pl\u0117vel\u0119, matome saul\u0117je besi\u0161ildan\u010di\u0105 namin\u0119 (brit\u0173 trumpaplauk\u0119) kat\u0119, kuriai nam\u0173 aplinka atstoja gamt\u0105.<\/p>\n<p>Brit\u0173 trumpaplauk\u0117s yra bene populiariausia namini\u0173 ka\u010di\u0173 veisl\u0117 Europoje, kuri\u0173 XIXa. siekianti veisl\u0117s istorija formavo supratim\u0105, kaip turi elgtis ir atrodyti namin\u0117 kat\u0117. Sukurdami kompozicij\u0105 i\u0161 soliarini\u0173 apsaugini\u0173 pl\u0117veli\u0173 ir pasirinkdami saul\u0117je besilepinan\u010di\u0105 namin\u0119 kat\u0119, menininkai m\u0105sto, kaip mes organizuojame gyv\u0105j\u0105 gamt\u0105 ir savo pa\u010di\u0173 k\u016bnus.<\/p>\n<p><em>Spindul\u0117lis<\/em> buvo pristatytas projekt\u0173 erdv\u0117je Editorial, grupin\u0117je parodoje <em><a href=\"https:\/\/www.editorial.lt\/lt\/blog\/vidines-kisenes\/\">Vidin\u0117s ki\u0161en\u0117s<\/a><\/em>, taip pat Vilt\u0117 Bra\u017ei\u016bnait\u0117 ir Tomas Sinkevi\u010dius 2018 sureng\u0117 parod\u0105 <em><a href=\"https:\/\/www.editorial.lt\/lt\/blog\/vilte-braziunaite-ir-tomas-sinkevicius-saltakraujis\/\">\u0160altakraujis<\/a><\/em>.<\/p>\n","protected":false},"excerpt":{"rendered":"<p>2019<br \/>\nUV pl\u0117vel\u0117 ant stiklo, atspaudas<br \/>\n70 x 50 cm<br \/>\nTira\u017eas 2\/5<\/p>\n<p><em>Pastaba: \u0161is k\u016brinys bus pagamintas po to kai j\u012f \u012fsigysite, d\u0117l konkre\u010dios atsi\u0117mimo datos informuosime atskirai.<\/em><\/p>\n","protected":false},"featured_media":407,"template":"","meta":{"spay_email":""},"product_cat":[27],"product_tag":[],"acf":[],"yoast_head":"<!-- This site is optimized with the Yoast SEO plugin v19.1 - https:\/\/yoast.com\/wordpress\/plugins\/seo\/ -->\n<title>Spindul\u0117lis - Editorial Shop<\/title>\n<meta name=\"robots\" content=\"index, follow, max-snippet:-1, max-image-preview:large, max-video-preview:-1\" \/>\n<link rel=\"canonical\" href=\"https:\/\/www.editorial.lt\/shop\/lt\/product\/spindulelis\/\" \/>\n<meta property=\"og:locale\" content=\"en_US\" \/>\n<meta property=\"og:type\" content=\"article\" \/>\n<meta property=\"og:title\" content=\"Spindul\u0117lis - Editorial Shop\" \/>\n<meta property=\"og:description\" content=\"2019 UV pl\u0117vel\u0117 ant stiklo, atspaudas 70 x 50 cm Tira\u017eas 2\/5  Pastaba: \u0161is k\u016brinys bus pagamintas po to kai j\u012f \u012fsigysite, d\u0117l konkre\u010dios atsi\u0117mimo datos informuosime atskirai.\" \/>\n<meta property=\"og:url\" content=\"https:\/\/www.editorial.lt\/shop\/lt\/product\/spindulelis\/\" \/>\n<meta property=\"og:site_name\" content=\"Editorial Shop\" \/>\n<meta property=\"article:modified_time\" content=\"2020-05-20T13:10:19+00:00\" \/>\n<meta property=\"og:image\" content=\"https:\/\/www.editorial.lt\/shop\/wp-content\/uploads\/sites\/2\/2020\/04\/27-Vilte-Braziunaite-Tomas-Sinkevicius-Editorial-scaled.jpg\" \/>\n\t<meta property=\"og:image:width\" content=\"1659\" \/>\n\t<meta property=\"og:image:height\" content=\"2560\" \/>\n\t<meta property=\"og:image:type\" content=\"image\/jpeg\" \/>\n<meta name=\"twitter:card\" content=\"summary_large_image\" \/>\n<meta name=\"twitter:label1\" content=\"Est. reading time\" \/>\n\t<meta name=\"twitter:data1\" content=\"1 minute\" \/>\n<script type=\"application\/ld+json\" class=\"yoast-schema-graph\">{\"@context\":\"https:\/\/schema.org\",\"@graph\":[{\"@type\":\"WebSite\",\"@id\":\"https:\/\/www.editorial.lt\/shop\/#website\",\"url\":\"https:\/\/www.editorial.lt\/shop\/\",\"name\":\"Editorial Shop\",\"description\":\"\",\"potentialAction\":[{\"@type\":\"SearchAction\",\"target\":{\"@type\":\"EntryPoint\",\"urlTemplate\":\"https:\/\/www.editorial.lt\/shop\/?s={search_term_string}\"},\"query-input\":\"required name=search_term_string\"}],\"inLanguage\":\"en-US\"},{\"@type\":\"ImageObject\",\"inLanguage\":\"en-US\",\"@id\":\"https:\/\/www.editorial.lt\/shop\/lt\/product\/spindulelis\/#primaryimage\",\"url\":\"https:\/\/www.editorial.lt\/shop\/wp-content\/uploads\/sites\/2\/2020\/04\/27-Vilte-Braziunaite-Tomas-Sinkevicius-Editorial-scaled.jpg\",\"contentUrl\":\"https:\/\/www.editorial.lt\/shop\/wp-content\/uploads\/sites\/2\/2020\/04\/27-Vilte-Braziunaite-Tomas-Sinkevicius-Editorial-scaled.jpg\",\"width\":1659,\"height\":2560},{\"@type\":\"WebPage\",\"@id\":\"https:\/\/www.editorial.lt\/shop\/lt\/product\/spindulelis\/#webpage\",\"url\":\"https:\/\/www.editorial.lt\/shop\/lt\/product\/spindulelis\/\",\"name\":\"Spindul\u0117lis - Editorial Shop\",\"isPartOf\":{\"@id\":\"https:\/\/www.editorial.lt\/shop\/#website\"},\"primaryImageOfPage\":{\"@id\":\"https:\/\/www.editorial.lt\/shop\/lt\/product\/spindulelis\/#primaryimage\"},\"datePublished\":\"2020-04-20T14:10:51+00:00\",\"dateModified\":\"2020-05-20T13:10:19+00:00\",\"breadcrumb\":{\"@id\":\"https:\/\/www.editorial.lt\/shop\/lt\/product\/spindulelis\/#breadcrumb\"},\"inLanguage\":\"en-US\",\"potentialAction\":[{\"@type\":\"ReadAction\",\"target\":[\"https:\/\/www.editorial.lt\/shop\/lt\/product\/spindulelis\/\"]}]},{\"@type\":\"BreadcrumbList\",\"@id\":\"https:\/\/www.editorial.lt\/shop\/lt\/product\/spindulelis\/#breadcrumb\",\"itemListElement\":[{\"@type\":\"ListItem\",\"position\":1,\"name\":\"Home\"},{\"@type\":\"ListItem\",\"position\":2,\"name\":\"Products\",\"item\":\"https:\/\/www.editorial.lt\/shop\/en\/shop\/\"},{\"@type\":\"ListItem\",\"position\":3,\"name\":\"Spindul\u0117lis\"}]}]}<\/script>\n<!-- \/ Yoast SEO plugin. -->","yoast_head_json":{"title":"Spindul\u0117lis - Editorial Shop","robots":{"index":"index","follow":"follow","max-snippet":"max-snippet:-1","max-image-preview":"max-image-preview:large","max-video-preview":"max-video-preview:-1"},"canonical":"https:\/\/www.editorial.lt\/shop\/lt\/product\/spindulelis\/","og_locale":"en_US","og_type":"article","og_title":"Spindul\u0117lis - Editorial Shop","og_description":"2019 UV pl\u0117vel\u0117 ant stiklo, atspaudas 70 x 50 cm Tira\u017eas 2\/5  Pastaba: \u0161is k\u016brinys bus pagamintas po to kai j\u012f \u012fsigysite, d\u0117l konkre\u010dios atsi\u0117mimo datos informuosime atskirai.","og_url":"https:\/\/www.editorial.lt\/shop\/lt\/product\/spindulelis\/","og_site_name":"Editorial Shop","article_modified_time":"2020-05-20T13:10:19+00:00","og_image":[{"width":1659,"height":2560,"url":"https:\/\/www.editorial.lt\/shop\/wp-content\/uploads\/sites\/2\/2020\/04\/27-Vilte-Braziunaite-Tomas-Sinkevicius-Editorial-scaled.jpg","type":"image\/jpeg"}],"twitter_card":"summary_large_image","twitter_misc":{"Est. reading time":"1 minute"},"schema":{"@context":"https:\/\/schema.org","@graph":[{"@type":"WebSite","@id":"https:\/\/www.editorial.lt\/shop\/#website","url":"https:\/\/www.editorial.lt\/shop\/","name":"Editorial Shop","description":"","potentialAction":[{"@type":"SearchAction","target":{"@type":"EntryPoint","urlTemplate":"https:\/\/www.editorial.lt\/shop\/?s={search_term_string}"},"query-input":"required name=search_term_string"}],"inLanguage":"en-US"},{"@type":"ImageObject","inLanguage":"en-US","@id":"https:\/\/www.editorial.lt\/shop\/lt\/product\/spindulelis\/#primaryimage","url":"https:\/\/www.editorial.lt\/shop\/wp-content\/uploads\/sites\/2\/2020\/04\/27-Vilte-Braziunaite-Tomas-Sinkevicius-Editorial-scaled.jpg","contentUrl":"https:\/\/www.editorial.lt\/shop\/wp-content\/uploads\/sites\/2\/2020\/04\/27-Vilte-Braziunaite-Tomas-Sinkevicius-Editorial-scaled.jpg","width":1659,"height":2560},{"@type":"WebPage","@id":"https:\/\/www.editorial.lt\/shop\/lt\/product\/spindulelis\/#webpage","url":"https:\/\/www.editorial.lt\/shop\/lt\/product\/spindulelis\/","name":"Spindul\u0117lis - Editorial Shop","isPartOf":{"@id":"https:\/\/www.editorial.lt\/shop\/#website"},"primaryImageOfPage":{"@id":"https:\/\/www.editorial.lt\/shop\/lt\/product\/spindulelis\/#primaryimage"},"datePublished":"2020-04-20T14:10:51+00:00","dateModified":"2020-05-20T13:10:19+00:00","breadcrumb":{"@id":"https:\/\/www.editorial.lt\/shop\/lt\/product\/spindulelis\/#breadcrumb"},"inLanguage":"en-US","potentialAction":[{"@type":"ReadAction","target":["https:\/\/www.editorial.lt\/shop\/lt\/product\/spindulelis\/"]}]},{"@type":"BreadcrumbList","@id":"https:\/\/www.editorial.lt\/shop\/lt\/product\/spindulelis\/#breadcrumb","itemListElement":[{"@type":"ListItem","position":1,"name":"Home"},{"@type":"ListItem","position":2,"name":"Products","item":"https:\/\/www.editorial.lt\/shop\/en\/shop\/"},{"@type":"ListItem","position":3,"name":"Spindul\u0117lis"}]}]}},"_links":{"self":[{"href":"https:\/\/www.editorial.lt\/shop\/wp-json\/wp\/v2\/product\/406"}],"collection":[{"href":"https:\/\/www.editorial.lt\/shop\/wp-json\/wp\/v2\/product"}],"about":[{"href":"https:\/\/www.editorial.lt\/shop\/wp-json\/wp\/v2\/types\/product"}],"wp:featuredmedia":[{"embeddable":true,"href":"https:\/\/www.editorial.lt\/shop\/wp-json\/wp\/v2\/media\/407"}],"wp:attachment":[{"href":"https:\/\/www.editorial.lt\/shop\/wp-json\/wp\/v2\/media?parent=406"}],"wp:term":[{"taxonomy":"product_cat","embeddable":true,"href":"https:\/\/www.editorial.lt\/shop\/wp-json\/wp\/v2\/product_cat?post=406"},{"taxonomy":"product_tag","embeddable":true,"href":"https:\/\/www.editorial.lt\/shop\/wp-json\/wp\/v2\/product_tag?post=406"}],"curies":[{"name":"wp","href":"https:\/\/api.w.org\/{rel}","templated":true}]}}