{"id":1999,"date":"2025-02-19T11:53:39","date_gmt":"2025-02-19T09:53:39","guid":{"rendered":"https:\/\/www.editorial.lt\/shop\/?post_type=product&#038;p=1999"},"modified":"2025-02-19T12:10:03","modified_gmt":"2025-02-19T10:10:03","slug":"daug-daiktu-buvo-padeta-ant-tos-lentynos","status":"publish","type":"product","link":"https:\/\/www.editorial.lt\/shop\/lt\/product\/daug-daiktu-buvo-padeta-ant-tos-lentynos\/","title":{"rendered":"Daug daikt\u0173 buvo pad\u0117ta ant tos lentynos"},"content":{"rendered":"<p>Sallamari Rantala \u2013 suomiu\u0328 menininke\u0307, \u0161iuo metu gyvenanti ir kurianti Vilniuje. Autor\u0117s ku\u0304ryba kristalizuojasi stebint med\u017eiagu\u0328 jude\u0307jima\u0328 ir kaita\u0328 asmenin\u0117je gyvenamojoje aplinkoje. Savo praktikoje S. Rantala derina pie\u0161imo ir med\u017eiagu\u0328 formavimo technikas, da\u017enai lemian\u010dias reljefi\u0161kus rezultatus \u2013 \u010dia susilieja linija ir trimati\u0161kumas, siu\u0304lomos naujos kompozicijos ir po pavir\u0161iais slypintys pasakojimais. Meninink\u0117 yra surengusi personalines parodas galerijoje \u201e\u00c5-galleria\u201c Turku (Suomija), \u201eV\u00e5ga se\u201c erdv\u0117je Stokholme ir \u201eVerp\u0117j\u0173\u201c erdv\u0117je Marcinkonyse, taip pat dalyvavo grupin\u0117se parodose \u0160iuolaikinio meno centre Vilniuje, VDA \u201eTitanike\u201c, Vilniuje, Lietuvos nacionalin\u0117je Martyno Ma\u017evydo bibliotekoje, Vilniuje ir kitose institucijose. 2020 m. k\u016br\u0117ja peln\u0117 \u201eJCDecaux\u201c premij\u0105.<\/p>\n","protected":false},"excerpt":{"rendered":"<p>2023<\/p>\n<p>Surinktas ir nupirktas sm\u0117lis, PVA klijai, fanera<\/p>\n<p>25 x 33 x 2,5 cm<\/p>\n<p><em>Pastaba: pristatymo detal\u0117s derinamos atskirai.<\/em><\/p>\n","protected":false},"featured_media":2002,"template":"","meta":{"spay_email":""},"product_cat":[27],"product_tag":[],"acf":[],"yoast_head":"<!-- This site is optimized with the Yoast SEO plugin v19.1 - https:\/\/yoast.com\/wordpress\/plugins\/seo\/ -->\n<title>Daug daikt\u0173 buvo pad\u0117ta ant tos lentynos - Editorial Shop<\/title>\n<meta name=\"robots\" content=\"index, follow, max-snippet:-1, max-image-preview:large, max-video-preview:-1\" \/>\n<link rel=\"canonical\" href=\"https:\/\/www.editorial.lt\/shop\/lt\/product\/daug-daiktu-buvo-padeta-ant-tos-lentynos\/\" \/>\n<meta property=\"og:locale\" content=\"en_US\" \/>\n<meta property=\"og:type\" content=\"article\" \/>\n<meta property=\"og:title\" content=\"Daug daikt\u0173 buvo pad\u0117ta ant tos lentynos - Editorial Shop\" \/>\n<meta property=\"og:description\" content=\"2023  Surinktas ir nupirktas sm\u0117lis, PVA klijai, fanera  25 x 33 x 2,5 cm  Pastaba: pristatymo detal\u0117s derinamos atskirai.\" \/>\n<meta property=\"og:url\" content=\"https:\/\/www.editorial.lt\/shop\/lt\/product\/daug-daiktu-buvo-padeta-ant-tos-lentynos\/\" \/>\n<meta property=\"og:site_name\" content=\"Editorial Shop\" \/>\n<meta property=\"article:modified_time\" content=\"2025-02-19T10:10:03+00:00\" \/>\n<meta property=\"og:image\" content=\"https:\/\/www.editorial.lt\/shop\/wp-content\/uploads\/sites\/2\/2025\/02\/MA2A2118.jpg\" \/>\n\t<meta property=\"og:image:width\" content=\"1688\" \/>\n\t<meta property=\"og:image:height\" content=\"1525\" \/>\n\t<meta property=\"og:image:type\" content=\"image\/jpeg\" \/>\n<meta name=\"twitter:card\" content=\"summary_large_image\" \/>\n<meta name=\"twitter:label1\" content=\"Est. reading time\" \/>\n\t<meta name=\"twitter:data1\" content=\"1 minute\" \/>\n<script type=\"application\/ld+json\" class=\"yoast-schema-graph\">{\"@context\":\"https:\/\/schema.org\",\"@graph\":[{\"@type\":\"WebSite\",\"@id\":\"https:\/\/www.editorial.lt\/shop\/#website\",\"url\":\"https:\/\/www.editorial.lt\/shop\/\",\"name\":\"Editorial Shop\",\"description\":\"\",\"potentialAction\":[{\"@type\":\"SearchAction\",\"target\":{\"@type\":\"EntryPoint\",\"urlTemplate\":\"https:\/\/www.editorial.lt\/shop\/?s={search_term_string}\"},\"query-input\":\"required name=search_term_string\"}],\"inLanguage\":\"en-US\"},{\"@type\":\"ImageObject\",\"inLanguage\":\"en-US\",\"@id\":\"https:\/\/www.editorial.lt\/shop\/lt\/product\/daug-daiktu-buvo-padeta-ant-tos-lentynos\/#primaryimage\",\"url\":\"https:\/\/www.editorial.lt\/shop\/wp-content\/uploads\/sites\/2\/2025\/02\/MA2A2118.jpg\",\"contentUrl\":\"https:\/\/www.editorial.lt\/shop\/wp-content\/uploads\/sites\/2\/2025\/02\/MA2A2118.jpg\",\"width\":1688,\"height\":1525},{\"@type\":\"WebPage\",\"@id\":\"https:\/\/www.editorial.lt\/shop\/lt\/product\/daug-daiktu-buvo-padeta-ant-tos-lentynos\/#webpage\",\"url\":\"https:\/\/www.editorial.lt\/shop\/lt\/product\/daug-daiktu-buvo-padeta-ant-tos-lentynos\/\",\"name\":\"Daug daikt\u0173 buvo pad\u0117ta ant tos lentynos - Editorial Shop\",\"isPartOf\":{\"@id\":\"https:\/\/www.editorial.lt\/shop\/#website\"},\"primaryImageOfPage\":{\"@id\":\"https:\/\/www.editorial.lt\/shop\/lt\/product\/daug-daiktu-buvo-padeta-ant-tos-lentynos\/#primaryimage\"},\"datePublished\":\"2025-02-19T09:53:39+00:00\",\"dateModified\":\"2025-02-19T10:10:03+00:00\",\"breadcrumb\":{\"@id\":\"https:\/\/www.editorial.lt\/shop\/lt\/product\/daug-daiktu-buvo-padeta-ant-tos-lentynos\/#breadcrumb\"},\"inLanguage\":\"en-US\",\"potentialAction\":[{\"@type\":\"ReadAction\",\"target\":[\"https:\/\/www.editorial.lt\/shop\/lt\/product\/daug-daiktu-buvo-padeta-ant-tos-lentynos\/\"]}]},{\"@type\":\"BreadcrumbList\",\"@id\":\"https:\/\/www.editorial.lt\/shop\/lt\/product\/daug-daiktu-buvo-padeta-ant-tos-lentynos\/#breadcrumb\",\"itemListElement\":[{\"@type\":\"ListItem\",\"position\":1,\"name\":\"Home\"},{\"@type\":\"ListItem\",\"position\":2,\"name\":\"Products\",\"item\":\"https:\/\/www.editorial.lt\/shop\/en\/shop\/\"},{\"@type\":\"ListItem\",\"position\":3,\"name\":\"Daug daikt\u0173 buvo pad\u0117ta ant tos lentynos\"}]}]}<\/script>\n<!-- \/ Yoast SEO plugin. -->","yoast_head_json":{"title":"Daug daikt\u0173 buvo pad\u0117ta ant tos lentynos - Editorial Shop","robots":{"index":"index","follow":"follow","max-snippet":"max-snippet:-1","max-image-preview":"max-image-preview:large","max-video-preview":"max-video-preview:-1"},"canonical":"https:\/\/www.editorial.lt\/shop\/lt\/product\/daug-daiktu-buvo-padeta-ant-tos-lentynos\/","og_locale":"en_US","og_type":"article","og_title":"Daug daikt\u0173 buvo pad\u0117ta ant tos lentynos - Editorial Shop","og_description":"2023  Surinktas ir nupirktas sm\u0117lis, PVA klijai, fanera  25 x 33 x 2,5 cm  Pastaba: pristatymo detal\u0117s derinamos atskirai.","og_url":"https:\/\/www.editorial.lt\/shop\/lt\/product\/daug-daiktu-buvo-padeta-ant-tos-lentynos\/","og_site_name":"Editorial Shop","article_modified_time":"2025-02-19T10:10:03+00:00","og_image":[{"width":1688,"height":1525,"url":"https:\/\/www.editorial.lt\/shop\/wp-content\/uploads\/sites\/2\/2025\/02\/MA2A2118.jpg","type":"image\/jpeg"}],"twitter_card":"summary_large_image","twitter_misc":{"Est. reading time":"1 minute"},"schema":{"@context":"https:\/\/schema.org","@graph":[{"@type":"WebSite","@id":"https:\/\/www.editorial.lt\/shop\/#website","url":"https:\/\/www.editorial.lt\/shop\/","name":"Editorial Shop","description":"","potentialAction":[{"@type":"SearchAction","target":{"@type":"EntryPoint","urlTemplate":"https:\/\/www.editorial.lt\/shop\/?s={search_term_string}"},"query-input":"required name=search_term_string"}],"inLanguage":"en-US"},{"@type":"ImageObject","inLanguage":"en-US","@id":"https:\/\/www.editorial.lt\/shop\/lt\/product\/daug-daiktu-buvo-padeta-ant-tos-lentynos\/#primaryimage","url":"https:\/\/www.editorial.lt\/shop\/wp-content\/uploads\/sites\/2\/2025\/02\/MA2A2118.jpg","contentUrl":"https:\/\/www.editorial.lt\/shop\/wp-content\/uploads\/sites\/2\/2025\/02\/MA2A2118.jpg","width":1688,"height":1525},{"@type":"WebPage","@id":"https:\/\/www.editorial.lt\/shop\/lt\/product\/daug-daiktu-buvo-padeta-ant-tos-lentynos\/#webpage","url":"https:\/\/www.editorial.lt\/shop\/lt\/product\/daug-daiktu-buvo-padeta-ant-tos-lentynos\/","name":"Daug daikt\u0173 buvo pad\u0117ta ant tos lentynos - Editorial Shop","isPartOf":{"@id":"https:\/\/www.editorial.lt\/shop\/#website"},"primaryImageOfPage":{"@id":"https:\/\/www.editorial.lt\/shop\/lt\/product\/daug-daiktu-buvo-padeta-ant-tos-lentynos\/#primaryimage"},"datePublished":"2025-02-19T09:53:39+00:00","dateModified":"2025-02-19T10:10:03+00:00","breadcrumb":{"@id":"https:\/\/www.editorial.lt\/shop\/lt\/product\/daug-daiktu-buvo-padeta-ant-tos-lentynos\/#breadcrumb"},"inLanguage":"en-US","potentialAction":[{"@type":"ReadAction","target":["https:\/\/www.editorial.lt\/shop\/lt\/product\/daug-daiktu-buvo-padeta-ant-tos-lentynos\/"]}]},{"@type":"BreadcrumbList","@id":"https:\/\/www.editorial.lt\/shop\/lt\/product\/daug-daiktu-buvo-padeta-ant-tos-lentynos\/#breadcrumb","itemListElement":[{"@type":"ListItem","position":1,"name":"Home"},{"@type":"ListItem","position":2,"name":"Products","item":"https:\/\/www.editorial.lt\/shop\/en\/shop\/"},{"@type":"ListItem","position":3,"name":"Daug daikt\u0173 buvo pad\u0117ta ant tos lentynos"}]}]}},"_links":{"self":[{"href":"https:\/\/www.editorial.lt\/shop\/wp-json\/wp\/v2\/product\/1999"}],"collection":[{"href":"https:\/\/www.editorial.lt\/shop\/wp-json\/wp\/v2\/product"}],"about":[{"href":"https:\/\/www.editorial.lt\/shop\/wp-json\/wp\/v2\/types\/product"}],"wp:featuredmedia":[{"embeddable":true,"href":"https:\/\/www.editorial.lt\/shop\/wp-json\/wp\/v2\/media\/2002"}],"wp:attachment":[{"href":"https:\/\/www.editorial.lt\/shop\/wp-json\/wp\/v2\/media?parent=1999"}],"wp:term":[{"taxonomy":"product_cat","embeddable":true,"href":"https:\/\/www.editorial.lt\/shop\/wp-json\/wp\/v2\/product_cat?post=1999"},{"taxonomy":"product_tag","embeddable":true,"href":"https:\/\/www.editorial.lt\/shop\/wp-json\/wp\/v2\/product_tag?post=1999"}],"curies":[{"name":"wp","href":"https:\/\/api.w.org\/{rel}","templated":true}]}}