{"id":1596,"date":"2024-04-23T21:31:16","date_gmt":"2024-04-23T18:31:16","guid":{"rendered":"https:\/\/www.editorial.lt\/shop\/?post_type=product&#038;p=1596"},"modified":"2024-04-24T09:17:22","modified_gmt":"2024-04-24T06:17:22","slug":"vaikinai-iii","status":"publish","type":"product","link":"https:\/\/www.editorial.lt\/shop\/lt\/product\/vaikinai-iii\/","title":{"rendered":"Vaikinai (3)"},"content":{"rendered":"<p>Gerda Paliu\u0161yt\u0117 gyvena ir kuria Vilniuje. J\u0105 domina \u012fvairios dokumentin\u0117s praktikos, istoriniai ir populiariosios kult\u016bros rei\u0161kiniai bei persona\u017eai, j\u0173 santykis su socialine tikrove. Paliu\u0161yt\u0117s k\u016bryboje (filmuose, fotografijoje) da\u017enai tyrin\u0117jamos skirtingos intymumo formos, kolektyvinio b\u016bvio magija ir trapumas.<\/p>\n<p>Paskutiniosios parodos: <a href=\"https:\/\/www.editorial.lt\/lt\/blog\/lupu-dazai\/\" target=\"_blank\" rel=\"noopener\"><em>L\u016bp\u0173 da\u017eai<\/em><\/a> Editorial erdv\u0117je, <em>Mes gyvename vietov\u0117s<\/em>e (kartu su Gabija Nedzinskaite) buvusiame fizikos institute Vilniuje; Lavender Opener Chair Gallery, Tokijuje.<br \/>\n2023 m. <em>Six Chairs Books<\/em> i\u0161leido Paliu\u0161yt\u0117s fotografij\u0173 knyg\u0105 <em>Vaikinai ir m\u0117lynos g\u0117l\u0117s<\/em> (sud. Elena Narbutait\u0117).<\/p>\n","protected":false},"excerpt":{"rendered":"<p>2023<br \/>\n<span style=\"display: inline !important; float: none; background-color: #ffffff; color: #333333; cursor: text; font-family: -apple-system,BlinkMacSystemFont,'Segoe UI',Roboto,Oxygen-Sans,Ubuntu,Cantarell,'Helvetica Neue',sans-serif; font-size: 16px; font-style: normal; font-variant: normal; font-weight: 400; letter-spacing: normal; orphans: 2; text-align: left; text-decoration: none; text-indent: 0px; text-transform: none; -webkit-text-stroke-width: 0px; white-space: normal; word-spacing: 0px;\"><span lang=\"LT\">Gicl\u00e9e<\/span><span lang=\"LT\"> spauda, muziejinis stiklas<\/span>, metalo kabliukai<br \/>\n70 cm x 50 cm<\/span><\/p>\n<p>Tira\u017eas: 1\/4 + 1 meninink\u0117s vienetas<\/p>\n<p><em>Pastaba:<\/em> <em>K\u016brinius siun\u010diame \u012f u\u017esien\u012f, pristatymo kaina derinama atskirai.<\/em><\/p>\n","protected":false},"featured_media":1601,"template":"","meta":{"spay_email":""},"product_cat":[27],"product_tag":[],"acf":[],"yoast_head":"<!-- This site is optimized with the Yoast SEO plugin v19.1 - https:\/\/yoast.com\/wordpress\/plugins\/seo\/ -->\n<title>Vaikinai (3) - Editorial Shop<\/title>\n<meta name=\"robots\" content=\"index, follow, max-snippet:-1, max-image-preview:large, max-video-preview:-1\" \/>\n<link rel=\"canonical\" href=\"https:\/\/www.editorial.lt\/shop\/lt\/product\/vaikinai-iii\/\" \/>\n<meta property=\"og:locale\" content=\"en_US\" \/>\n<meta property=\"og:type\" content=\"article\" \/>\n<meta property=\"og:title\" content=\"Vaikinai (3) - Editorial Shop\" \/>\n<meta property=\"og:description\" content=\"2023 Gicl\u00e9e spauda, muziejinis stiklas, metalo kabliukai 70 cm x 50 cm  Tira\u017eas: 1\/4 + 1 meninink\u0117s vienetas  Pastaba: K\u016brinius siun\u010diame \u012f u\u017esien\u012f, pristatymo kaina derinama atskirai.\" \/>\n<meta property=\"og:url\" content=\"https:\/\/www.editorial.lt\/shop\/lt\/product\/vaikinai-iii\/\" \/>\n<meta property=\"og:site_name\" content=\"Editorial Shop\" \/>\n<meta property=\"article:modified_time\" content=\"2024-04-24T06:17:22+00:00\" \/>\n<meta property=\"og:image\" content=\"https:\/\/www.editorial.lt\/shop\/wp-content\/uploads\/sites\/2\/2024\/04\/03-Gerda-Paliusyte_Lisptick_Editorial_2024-1-scaled.jpg\" \/>\n\t<meta property=\"og:image:width\" content=\"1707\" \/>\n\t<meta property=\"og:image:height\" content=\"2560\" \/>\n\t<meta property=\"og:image:type\" content=\"image\/jpeg\" \/>\n<meta name=\"twitter:card\" content=\"summary_large_image\" \/>\n<script type=\"application\/ld+json\" class=\"yoast-schema-graph\">{\"@context\":\"https:\/\/schema.org\",\"@graph\":[{\"@type\":\"WebSite\",\"@id\":\"https:\/\/www.editorial.lt\/shop\/#website\",\"url\":\"https:\/\/www.editorial.lt\/shop\/\",\"name\":\"Editorial Shop\",\"description\":\"\",\"potentialAction\":[{\"@type\":\"SearchAction\",\"target\":{\"@type\":\"EntryPoint\",\"urlTemplate\":\"https:\/\/www.editorial.lt\/shop\/?s={search_term_string}\"},\"query-input\":\"required name=search_term_string\"}],\"inLanguage\":\"en-US\"},{\"@type\":\"ImageObject\",\"inLanguage\":\"en-US\",\"@id\":\"https:\/\/www.editorial.lt\/shop\/lt\/product\/vaikinai-iii\/#primaryimage\",\"url\":\"https:\/\/www.editorial.lt\/shop\/wp-content\/uploads\/sites\/2\/2024\/04\/03-Gerda-Paliusyte_Lisptick_Editorial_2024-1-scaled.jpg\",\"contentUrl\":\"https:\/\/www.editorial.lt\/shop\/wp-content\/uploads\/sites\/2\/2024\/04\/03-Gerda-Paliusyte_Lisptick_Editorial_2024-1-scaled.jpg\",\"width\":1707,\"height\":2560},{\"@type\":\"WebPage\",\"@id\":\"https:\/\/www.editorial.lt\/shop\/lt\/product\/vaikinai-iii\/#webpage\",\"url\":\"https:\/\/www.editorial.lt\/shop\/lt\/product\/vaikinai-iii\/\",\"name\":\"Vaikinai (3) - Editorial Shop\",\"isPartOf\":{\"@id\":\"https:\/\/www.editorial.lt\/shop\/#website\"},\"primaryImageOfPage\":{\"@id\":\"https:\/\/www.editorial.lt\/shop\/lt\/product\/vaikinai-iii\/#primaryimage\"},\"datePublished\":\"2024-04-23T18:31:16+00:00\",\"dateModified\":\"2024-04-24T06:17:22+00:00\",\"breadcrumb\":{\"@id\":\"https:\/\/www.editorial.lt\/shop\/lt\/product\/vaikinai-iii\/#breadcrumb\"},\"inLanguage\":\"en-US\",\"potentialAction\":[{\"@type\":\"ReadAction\",\"target\":[\"https:\/\/www.editorial.lt\/shop\/lt\/product\/vaikinai-iii\/\"]}]},{\"@type\":\"BreadcrumbList\",\"@id\":\"https:\/\/www.editorial.lt\/shop\/lt\/product\/vaikinai-iii\/#breadcrumb\",\"itemListElement\":[{\"@type\":\"ListItem\",\"position\":1,\"name\":\"Home\"},{\"@type\":\"ListItem\",\"position\":2,\"name\":\"Products\",\"item\":\"https:\/\/www.editorial.lt\/shop\/en\/shop\/\"},{\"@type\":\"ListItem\",\"position\":3,\"name\":\"Vaikinai (3)\"}]}]}<\/script>\n<!-- \/ Yoast SEO plugin. -->","yoast_head_json":{"title":"Vaikinai (3) - Editorial Shop","robots":{"index":"index","follow":"follow","max-snippet":"max-snippet:-1","max-image-preview":"max-image-preview:large","max-video-preview":"max-video-preview:-1"},"canonical":"https:\/\/www.editorial.lt\/shop\/lt\/product\/vaikinai-iii\/","og_locale":"en_US","og_type":"article","og_title":"Vaikinai (3) - Editorial Shop","og_description":"2023 Gicl\u00e9e spauda, muziejinis stiklas, metalo kabliukai 70 cm x 50 cm  Tira\u017eas: 1\/4 + 1 meninink\u0117s vienetas  Pastaba: K\u016brinius siun\u010diame \u012f u\u017esien\u012f, pristatymo kaina derinama atskirai.","og_url":"https:\/\/www.editorial.lt\/shop\/lt\/product\/vaikinai-iii\/","og_site_name":"Editorial Shop","article_modified_time":"2024-04-24T06:17:22+00:00","og_image":[{"width":1707,"height":2560,"url":"https:\/\/www.editorial.lt\/shop\/wp-content\/uploads\/sites\/2\/2024\/04\/03-Gerda-Paliusyte_Lisptick_Editorial_2024-1-scaled.jpg","type":"image\/jpeg"}],"twitter_card":"summary_large_image","schema":{"@context":"https:\/\/schema.org","@graph":[{"@type":"WebSite","@id":"https:\/\/www.editorial.lt\/shop\/#website","url":"https:\/\/www.editorial.lt\/shop\/","name":"Editorial Shop","description":"","potentialAction":[{"@type":"SearchAction","target":{"@type":"EntryPoint","urlTemplate":"https:\/\/www.editorial.lt\/shop\/?s={search_term_string}"},"query-input":"required name=search_term_string"}],"inLanguage":"en-US"},{"@type":"ImageObject","inLanguage":"en-US","@id":"https:\/\/www.editorial.lt\/shop\/lt\/product\/vaikinai-iii\/#primaryimage","url":"https:\/\/www.editorial.lt\/shop\/wp-content\/uploads\/sites\/2\/2024\/04\/03-Gerda-Paliusyte_Lisptick_Editorial_2024-1-scaled.jpg","contentUrl":"https:\/\/www.editorial.lt\/shop\/wp-content\/uploads\/sites\/2\/2024\/04\/03-Gerda-Paliusyte_Lisptick_Editorial_2024-1-scaled.jpg","width":1707,"height":2560},{"@type":"WebPage","@id":"https:\/\/www.editorial.lt\/shop\/lt\/product\/vaikinai-iii\/#webpage","url":"https:\/\/www.editorial.lt\/shop\/lt\/product\/vaikinai-iii\/","name":"Vaikinai (3) - Editorial Shop","isPartOf":{"@id":"https:\/\/www.editorial.lt\/shop\/#website"},"primaryImageOfPage":{"@id":"https:\/\/www.editorial.lt\/shop\/lt\/product\/vaikinai-iii\/#primaryimage"},"datePublished":"2024-04-23T18:31:16+00:00","dateModified":"2024-04-24T06:17:22+00:00","breadcrumb":{"@id":"https:\/\/www.editorial.lt\/shop\/lt\/product\/vaikinai-iii\/#breadcrumb"},"inLanguage":"en-US","potentialAction":[{"@type":"ReadAction","target":["https:\/\/www.editorial.lt\/shop\/lt\/product\/vaikinai-iii\/"]}]},{"@type":"BreadcrumbList","@id":"https:\/\/www.editorial.lt\/shop\/lt\/product\/vaikinai-iii\/#breadcrumb","itemListElement":[{"@type":"ListItem","position":1,"name":"Home"},{"@type":"ListItem","position":2,"name":"Products","item":"https:\/\/www.editorial.lt\/shop\/en\/shop\/"},{"@type":"ListItem","position":3,"name":"Vaikinai (3)"}]}]}},"_links":{"self":[{"href":"https:\/\/www.editorial.lt\/shop\/wp-json\/wp\/v2\/product\/1596"}],"collection":[{"href":"https:\/\/www.editorial.lt\/shop\/wp-json\/wp\/v2\/product"}],"about":[{"href":"https:\/\/www.editorial.lt\/shop\/wp-json\/wp\/v2\/types\/product"}],"wp:featuredmedia":[{"embeddable":true,"href":"https:\/\/www.editorial.lt\/shop\/wp-json\/wp\/v2\/media\/1601"}],"wp:attachment":[{"href":"https:\/\/www.editorial.lt\/shop\/wp-json\/wp\/v2\/media?parent=1596"}],"wp:term":[{"taxonomy":"product_cat","embeddable":true,"href":"https:\/\/www.editorial.lt\/shop\/wp-json\/wp\/v2\/product_cat?post=1596"},{"taxonomy":"product_tag","embeddable":true,"href":"https:\/\/www.editorial.lt\/shop\/wp-json\/wp\/v2\/product_tag?post=1596"}],"curies":[{"name":"wp","href":"https:\/\/api.w.org\/{rel}","templated":true}]}}