{"id":1455,"date":"2023-05-02T21:29:37","date_gmt":"2023-05-02T18:29:37","guid":{"rendered":"https:\/\/www.editorial.lt\/shop\/?post_type=product&#038;p=1455"},"modified":"2023-07-03T08:57:03","modified_gmt":"2023-07-03T05:57:03","slug":"kapotas-vi","status":"publish","type":"product","link":"https:\/\/www.editorial.lt\/shop\/lt\/product\/kapotas-vi\/","title":{"rendered":"Kapotas VI"},"content":{"rendered":"<p>\u201eLiudmila\u201c yra dviej\u0173(?) meninink(\u012f)\u0173 alter ego. J\u0173 darbai apr\u0117pia skirtingas medijas, nuo muzikos ir videodarb\u0173 iki skulpt\u016br\u0173 ir pasirodym\u0173. Da\u017enai asociatyv\u016bs j\u0173 k\u016briniai atliepia pla\u010dius temi\u0161kai giminingus rei\u0161kinius, emocij\u0173 rai\u0161k\u0105 ir kolektyvin\u0119 atmint\u012f. Parodoje \u201eKarmagedon\u201c \u201eLiudmila\u201c nerimastingai \u017evelgia \u012f tro\u0161kim\u0173 santyk\u012f su realybe, vartotoji\u0161kumo ir masin\u0117s kult\u016bros kerus bei apgaulingus pa\u017eadus. Tai \u2013 sald\u017eiar\u016bg\u0161t\u0117 paroda, kur distopiniai motyvai, saviabejon\u0117 ir nerimas persipina su eskapizmu bei v\u0117javaiki\u0161kumu.<\/p>\n<p>Kolektyvinis tarpdisciplininio meno projektas \u201eLiudmila\u201c inicijuotas jaunosios kartos meninink\u0173 Mi\u0161os Skalskio ir Mildos Janu\u0161evic\u030ciu\u0304te\u0307s. Savo k\u016bryboje menininkai daug d\u0117mesio skiria emocin\u0117s savijautos temai, intymumui, susvetim\u0117jimui ir vienatvei. Duetas savo k\u016brinius yra pristat\u0119s konkursine\u0307je \u201eJCDecaux premija: Ne de\u0307l to, kad kas pra\u0161e\u0307\u201c parodoje \u0160iuolaikinio meno centre, kur peln\u0117 publikos simpatiju\u0328 priza\u0328, taip pat WET kolektyvo skaitmenine\u0307je platformoje (Olandija) ir 68-ajame Oberhauzeno kino festivalyje (Vokietija). 2021 m. \u201eLiudmila\u201c i\u0161leido audioku\u0304riniu\u0328 kompiliacij\u0105 tokiu pat pavadinimu (\u201eLiudmila\u201c), tais pat metais suk\u016br\u0117 Adomo Narkevi\u010diaus kuruotoje parodoje \u201eTir\u0161tikliai\u201c pristatyt\u0105 skulptu\u0304rin\u0119 videoinstaliacij\u0105 \u201efountain\u201c ir skulpt\u016br\u0105 \u201euntitled\u201c, rodyt\u0105 grupin\u0117je parodoje \u201eGulb\u0117s, torsai, hologramos\u201c \u201eEditorial\u201c meno erdv\u0117je. Performatyvius pasirodymus menininkai yra pristat\u0119 \u201eCell\u201c projekt\u0173 erdv\u0117je Londone (2023), \u201eKiasma\u201c \u0160iuolaikinio meno muziejuje Helsinkyje (2022), 14-oje Baltijos trienale\u0307je Vilniuje (2021) ir meno ir edukacijos centre \u201eRupert\u201c Vilniuje (2020).<\/p>\n","protected":false},"excerpt":{"rendered":"<p>2023<br \/>\nGipsas, tekstil\u0117, lininis audinys, stiklo da\u017eai, glicerinas<br \/>\n43 x 58 x 9 cm<\/p>\n<p><em>Pastaba:<\/em> <em>K\u016brinius siun\u010diame \u012f u\u017esien\u012f, pristatymo kaina derinama atskirai.<br \/>\n<\/em><\/p>\n","protected":false},"featured_media":1456,"template":"","meta":{"spay_email":""},"product_cat":[27],"product_tag":[],"acf":[],"yoast_head":"<!-- This site is optimized with the Yoast SEO plugin v19.1 - https:\/\/yoast.com\/wordpress\/plugins\/seo\/ -->\n<title>Kapotas VI - Editorial Shop<\/title>\n<meta name=\"robots\" content=\"index, follow, max-snippet:-1, max-image-preview:large, max-video-preview:-1\" \/>\n<link rel=\"canonical\" href=\"https:\/\/www.editorial.lt\/shop\/lt\/product\/kapotas-vi\/\" \/>\n<meta property=\"og:locale\" content=\"en_US\" \/>\n<meta property=\"og:type\" content=\"article\" \/>\n<meta property=\"og:title\" content=\"Kapotas VI - Editorial Shop\" \/>\n<meta property=\"og:description\" content=\"2023 Gipsas, tekstil\u0117, lininis audinys, stiklo da\u017eai, glicerinas 43 x 58 x 9 cm  Pastaba: K\u016brinius siun\u010diame \u012f u\u017esien\u012f, pristatymo kaina derinama atskirai.\" \/>\n<meta property=\"og:url\" content=\"https:\/\/www.editorial.lt\/shop\/lt\/product\/kapotas-vi\/\" \/>\n<meta property=\"og:site_name\" content=\"Editorial Shop\" \/>\n<meta property=\"article:modified_time\" content=\"2023-07-03T05:57:03+00:00\" \/>\n<meta property=\"og:image\" content=\"https:\/\/www.editorial.lt\/shop\/wp-content\/uploads\/sites\/2\/2023\/05\/Liudmila-7-scaled.jpg\" \/>\n\t<meta property=\"og:image:width\" content=\"2560\" \/>\n\t<meta property=\"og:image:height\" content=\"2073\" \/>\n\t<meta property=\"og:image:type\" content=\"image\/jpeg\" \/>\n<meta name=\"twitter:card\" content=\"summary_large_image\" \/>\n<meta name=\"twitter:label1\" content=\"Est. reading time\" \/>\n\t<meta name=\"twitter:data1\" content=\"1 minute\" \/>\n<script type=\"application\/ld+json\" class=\"yoast-schema-graph\">{\"@context\":\"https:\/\/schema.org\",\"@graph\":[{\"@type\":\"WebSite\",\"@id\":\"https:\/\/www.editorial.lt\/shop\/#website\",\"url\":\"https:\/\/www.editorial.lt\/shop\/\",\"name\":\"Editorial Shop\",\"description\":\"\",\"potentialAction\":[{\"@type\":\"SearchAction\",\"target\":{\"@type\":\"EntryPoint\",\"urlTemplate\":\"https:\/\/www.editorial.lt\/shop\/?s={search_term_string}\"},\"query-input\":\"required name=search_term_string\"}],\"inLanguage\":\"en-US\"},{\"@type\":\"ImageObject\",\"inLanguage\":\"en-US\",\"@id\":\"https:\/\/www.editorial.lt\/shop\/lt\/product\/kapotas-vi\/#primaryimage\",\"url\":\"https:\/\/www.editorial.lt\/shop\/wp-content\/uploads\/sites\/2\/2023\/05\/Liudmila-7-scaled.jpg\",\"contentUrl\":\"https:\/\/www.editorial.lt\/shop\/wp-content\/uploads\/sites\/2\/2023\/05\/Liudmila-7-scaled.jpg\",\"width\":2560,\"height\":2073},{\"@type\":\"WebPage\",\"@id\":\"https:\/\/www.editorial.lt\/shop\/lt\/product\/kapotas-vi\/#webpage\",\"url\":\"https:\/\/www.editorial.lt\/shop\/lt\/product\/kapotas-vi\/\",\"name\":\"Kapotas VI - Editorial Shop\",\"isPartOf\":{\"@id\":\"https:\/\/www.editorial.lt\/shop\/#website\"},\"primaryImageOfPage\":{\"@id\":\"https:\/\/www.editorial.lt\/shop\/lt\/product\/kapotas-vi\/#primaryimage\"},\"datePublished\":\"2023-05-02T18:29:37+00:00\",\"dateModified\":\"2023-07-03T05:57:03+00:00\",\"breadcrumb\":{\"@id\":\"https:\/\/www.editorial.lt\/shop\/lt\/product\/kapotas-vi\/#breadcrumb\"},\"inLanguage\":\"en-US\",\"potentialAction\":[{\"@type\":\"ReadAction\",\"target\":[\"https:\/\/www.editorial.lt\/shop\/lt\/product\/kapotas-vi\/\"]}]},{\"@type\":\"BreadcrumbList\",\"@id\":\"https:\/\/www.editorial.lt\/shop\/lt\/product\/kapotas-vi\/#breadcrumb\",\"itemListElement\":[{\"@type\":\"ListItem\",\"position\":1,\"name\":\"Home\"},{\"@type\":\"ListItem\",\"position\":2,\"name\":\"Products\",\"item\":\"https:\/\/www.editorial.lt\/shop\/en\/shop\/\"},{\"@type\":\"ListItem\",\"position\":3,\"name\":\"Kapotas VI\"}]}]}<\/script>\n<!-- \/ Yoast SEO plugin. -->","yoast_head_json":{"title":"Kapotas VI - Editorial Shop","robots":{"index":"index","follow":"follow","max-snippet":"max-snippet:-1","max-image-preview":"max-image-preview:large","max-video-preview":"max-video-preview:-1"},"canonical":"https:\/\/www.editorial.lt\/shop\/lt\/product\/kapotas-vi\/","og_locale":"en_US","og_type":"article","og_title":"Kapotas VI - Editorial Shop","og_description":"2023 Gipsas, tekstil\u0117, lininis audinys, stiklo da\u017eai, glicerinas 43 x 58 x 9 cm  Pastaba: K\u016brinius siun\u010diame \u012f u\u017esien\u012f, pristatymo kaina derinama atskirai.","og_url":"https:\/\/www.editorial.lt\/shop\/lt\/product\/kapotas-vi\/","og_site_name":"Editorial Shop","article_modified_time":"2023-07-03T05:57:03+00:00","og_image":[{"width":2560,"height":2073,"url":"https:\/\/www.editorial.lt\/shop\/wp-content\/uploads\/sites\/2\/2023\/05\/Liudmila-7-scaled.jpg","type":"image\/jpeg"}],"twitter_card":"summary_large_image","twitter_misc":{"Est. reading time":"1 minute"},"schema":{"@context":"https:\/\/schema.org","@graph":[{"@type":"WebSite","@id":"https:\/\/www.editorial.lt\/shop\/#website","url":"https:\/\/www.editorial.lt\/shop\/","name":"Editorial Shop","description":"","potentialAction":[{"@type":"SearchAction","target":{"@type":"EntryPoint","urlTemplate":"https:\/\/www.editorial.lt\/shop\/?s={search_term_string}"},"query-input":"required name=search_term_string"}],"inLanguage":"en-US"},{"@type":"ImageObject","inLanguage":"en-US","@id":"https:\/\/www.editorial.lt\/shop\/lt\/product\/kapotas-vi\/#primaryimage","url":"https:\/\/www.editorial.lt\/shop\/wp-content\/uploads\/sites\/2\/2023\/05\/Liudmila-7-scaled.jpg","contentUrl":"https:\/\/www.editorial.lt\/shop\/wp-content\/uploads\/sites\/2\/2023\/05\/Liudmila-7-scaled.jpg","width":2560,"height":2073},{"@type":"WebPage","@id":"https:\/\/www.editorial.lt\/shop\/lt\/product\/kapotas-vi\/#webpage","url":"https:\/\/www.editorial.lt\/shop\/lt\/product\/kapotas-vi\/","name":"Kapotas VI - Editorial Shop","isPartOf":{"@id":"https:\/\/www.editorial.lt\/shop\/#website"},"primaryImageOfPage":{"@id":"https:\/\/www.editorial.lt\/shop\/lt\/product\/kapotas-vi\/#primaryimage"},"datePublished":"2023-05-02T18:29:37+00:00","dateModified":"2023-07-03T05:57:03+00:00","breadcrumb":{"@id":"https:\/\/www.editorial.lt\/shop\/lt\/product\/kapotas-vi\/#breadcrumb"},"inLanguage":"en-US","potentialAction":[{"@type":"ReadAction","target":["https:\/\/www.editorial.lt\/shop\/lt\/product\/kapotas-vi\/"]}]},{"@type":"BreadcrumbList","@id":"https:\/\/www.editorial.lt\/shop\/lt\/product\/kapotas-vi\/#breadcrumb","itemListElement":[{"@type":"ListItem","position":1,"name":"Home"},{"@type":"ListItem","position":2,"name":"Products","item":"https:\/\/www.editorial.lt\/shop\/en\/shop\/"},{"@type":"ListItem","position":3,"name":"Kapotas VI"}]}]}},"_links":{"self":[{"href":"https:\/\/www.editorial.lt\/shop\/wp-json\/wp\/v2\/product\/1455"}],"collection":[{"href":"https:\/\/www.editorial.lt\/shop\/wp-json\/wp\/v2\/product"}],"about":[{"href":"https:\/\/www.editorial.lt\/shop\/wp-json\/wp\/v2\/types\/product"}],"wp:featuredmedia":[{"embeddable":true,"href":"https:\/\/www.editorial.lt\/shop\/wp-json\/wp\/v2\/media\/1456"}],"wp:attachment":[{"href":"https:\/\/www.editorial.lt\/shop\/wp-json\/wp\/v2\/media?parent=1455"}],"wp:term":[{"taxonomy":"product_cat","embeddable":true,"href":"https:\/\/www.editorial.lt\/shop\/wp-json\/wp\/v2\/product_cat?post=1455"},{"taxonomy":"product_tag","embeddable":true,"href":"https:\/\/www.editorial.lt\/shop\/wp-json\/wp\/v2\/product_tag?post=1455"}],"curies":[{"name":"wp","href":"https:\/\/api.w.org\/{rel}","templated":true}]}}