{"id":357,"date":"2019-03-06T14:42:42","date_gmt":"2019-03-06T14:42:42","guid":{"rendered":"https:\/\/www.editorial.lt\/shop\/?page_id=357"},"modified":"2020-05-20T16:13:17","modified_gmt":"2020-05-20T13:13:17","slug":"apie-mus","status":"publish","type":"page","link":"https:\/\/www.editorial.lt\/shop\/lt\/apie-mus\/","title":{"rendered":"Apie mus"},"content":{"rendered":"\t\t<div data-elementor-type=\"wp-post\" data-elementor-id=\"357\" class=\"elementor elementor-357\">\n\t\t\t\t\t\t<div class=\"elementor-inner\">\n\t\t\t\t<div class=\"elementor-section-wrap\">\n\t\t\t\t\t\t\t\t\t<section class=\"elementor-section elementor-top-section elementor-element elementor-element-202095d elementor-section-boxed elementor-section-height-default elementor-section-height-default\" data-id=\"202095d\" data-element_type=\"section\">\n\t\t\t\t\t\t<div class=\"elementor-container elementor-column-gap-default\">\n\t\t\t\t\t\t\t<div class=\"elementor-row\">\n\t\t\t\t\t<div class=\"elementor-column elementor-col-50 elementor-top-column elementor-element elementor-element-1d3b4bc\" data-id=\"1d3b4bc\" data-element_type=\"column\">\n\t\t\t<div class=\"elementor-column-wrap elementor-element-populated\">\n\t\t\t\t\t\t\t<div class=\"elementor-widget-wrap\">\n\t\t\t\t\t\t<div class=\"elementor-element elementor-element-5d97291 elementor-widget elementor-widget-text-editor\" data-id=\"5d97291\" data-element_type=\"widget\" data-widget_type=\"text-editor.default\">\n\t\t\t\t<div class=\"elementor-widget-container\">\n\t\t\t\t\t\t\t\t<div class=\"elementor-text-editor elementor-clearfix\">\n\t\t\t\t<p><em>Editorial<\/em> elektronin\u0117je parduotuv\u0117je parduodami vienetiniai ir riboto tira\u017eo k\u016briniai, sukurti meninink\u0173 surengusi\u0173 parodas <em>Editorial<\/em> projekt\u0173 erdv\u0117je. Visos u\u017e unikali\u0173 ar riboto tira\u017eo k\u016brini\u0173 \u012fsigijim\u0105 surinktos l\u0117\u0161os skiriamos projekt\u0173 erdv\u0117s <em>Editorial<\/em> veikloms paremti bei parodoms \u012fgyvendinti.<\/p><p>A\u010di\u016b Jums u\u017e param\u0105!<\/p>\t\t\t\t\t<\/div>\n\t\t\t\t\t\t<\/div>\n\t\t\t\t<\/div>\n\t\t\t\t\t\t<\/div>\n\t\t\t\t\t<\/div>\n\t\t<\/div>\n\t\t\t\t<div class=\"elementor-column elementor-col-50 elementor-top-column elementor-element elementor-element-c9a04de elementor-hidden-tablet elementor-hidden-phone\" data-id=\"c9a04de\" data-element_type=\"column\">\n\t\t\t<div class=\"elementor-column-wrap\">\n\t\t\t\t\t\t\t<div class=\"elementor-widget-wrap\">\n\t\t\t\t\t\t\t\t<\/div>\n\t\t\t\t\t<\/div>\n\t\t<\/div>\n\t\t\t\t\t\t\t\t<\/div>\n\t\t\t\t\t<\/div>\n\t\t<\/section>\n\t\t\t\t\t\t\t\t\t<\/div>\n\t\t\t<\/div>\n\t\t\t\t\t<\/div>\n\t\t","protected":false},"excerpt":{"rendered":"<p>Editorial elektronin\u0117je parduotuv\u0117je parduodami vienetiniai ir riboto tira\u017eo k\u016briniai, sukurti meninink\u0173 surengusi\u0173 parodas Editorial projekt\u0173 erdv\u0117je. Visos u\u017e unikali\u0173 ar riboto tira\u017eo k\u016brini\u0173 \u012fsigijim\u0105 surinktos l\u0117\u0161os skiriamos projekt\u0173 erdv\u0117s Editorial veikloms paremti bei parodoms \u012fgyvendinti. A\u010di\u016b Jums u\u017e param\u0105!<\/p>\n","protected":false},"author":1,"featured_media":0,"parent":0,"menu_order":0,"comment_status":"closed","ping_status":"closed","template":"page-templates\/template-pagebuilder-full-width.php","meta":{"spay_email":""},"acf":[],"yoast_head":"<!-- This site is optimized with the Yoast SEO plugin v19.1 - https:\/\/yoast.com\/wordpress\/plugins\/seo\/ -->\n<title>Apie mus - Editorial Shop<\/title>\n<meta name=\"robots\" content=\"index, follow, max-snippet:-1, max-image-preview:large, max-video-preview:-1\" \/>\n<link rel=\"canonical\" href=\"https:\/\/www.editorial.lt\/shop\/lt\/apie-mus\/\" \/>\n<meta property=\"og:locale\" content=\"en_US\" \/>\n<meta property=\"og:type\" content=\"article\" \/>\n<meta property=\"og:title\" content=\"Apie mus - Editorial Shop\" \/>\n<meta property=\"og:description\" content=\"Editorial elektronin\u0117je parduotuv\u0117je parduodami vienetiniai ir riboto tira\u017eo k\u016briniai, sukurti meninink\u0173 surengusi\u0173 parodas Editorial projekt\u0173 erdv\u0117je. Visos u\u017e unikali\u0173 ar riboto tira\u017eo k\u016brini\u0173 \u012fsigijim\u0105 surinktos l\u0117\u0161os skiriamos projekt\u0173 erdv\u0117s Editorial veikloms paremti bei parodoms \u012fgyvendinti. A\u010di\u016b Jums u\u017e param\u0105!\" \/>\n<meta property=\"og:url\" content=\"https:\/\/www.editorial.lt\/shop\/lt\/apie-mus\/\" \/>\n<meta property=\"og:site_name\" content=\"Editorial Shop\" \/>\n<meta property=\"article:modified_time\" content=\"2020-05-20T13:13:17+00:00\" \/>\n<meta name=\"twitter:card\" content=\"summary_large_image\" \/>\n<script type=\"application\/ld+json\" class=\"yoast-schema-graph\">{\"@context\":\"https:\/\/schema.org\",\"@graph\":[{\"@type\":\"WebSite\",\"@id\":\"https:\/\/www.editorial.lt\/shop\/#website\",\"url\":\"https:\/\/www.editorial.lt\/shop\/\",\"name\":\"Editorial Shop\",\"description\":\"\",\"potentialAction\":[{\"@type\":\"SearchAction\",\"target\":{\"@type\":\"EntryPoint\",\"urlTemplate\":\"https:\/\/www.editorial.lt\/shop\/?s={search_term_string}\"},\"query-input\":\"required name=search_term_string\"}],\"inLanguage\":\"en-US\"},{\"@type\":\"WebPage\",\"@id\":\"https:\/\/www.editorial.lt\/shop\/lt\/apie-mus\/#webpage\",\"url\":\"https:\/\/www.editorial.lt\/shop\/lt\/apie-mus\/\",\"name\":\"Apie mus - Editorial Shop\",\"isPartOf\":{\"@id\":\"https:\/\/www.editorial.lt\/shop\/#website\"},\"datePublished\":\"2019-03-06T14:42:42+00:00\",\"dateModified\":\"2020-05-20T13:13:17+00:00\",\"breadcrumb\":{\"@id\":\"https:\/\/www.editorial.lt\/shop\/lt\/apie-mus\/#breadcrumb\"},\"inLanguage\":\"en-US\",\"potentialAction\":[{\"@type\":\"ReadAction\",\"target\":[\"https:\/\/www.editorial.lt\/shop\/lt\/apie-mus\/\"]}]},{\"@type\":\"BreadcrumbList\",\"@id\":\"https:\/\/www.editorial.lt\/shop\/lt\/apie-mus\/#breadcrumb\",\"itemListElement\":[{\"@type\":\"ListItem\",\"position\":1,\"name\":\"Home\"},{\"@type\":\"ListItem\",\"position\":2,\"name\":\"Apie mus\"}]}]}<\/script>\n<!-- \/ Yoast SEO plugin. -->","yoast_head_json":{"title":"Apie mus - Editorial Shop","robots":{"index":"index","follow":"follow","max-snippet":"max-snippet:-1","max-image-preview":"max-image-preview:large","max-video-preview":"max-video-preview:-1"},"canonical":"https:\/\/www.editorial.lt\/shop\/lt\/apie-mus\/","og_locale":"en_US","og_type":"article","og_title":"Apie mus - Editorial Shop","og_description":"Editorial elektronin\u0117je parduotuv\u0117je parduodami vienetiniai ir riboto tira\u017eo k\u016briniai, sukurti meninink\u0173 surengusi\u0173 parodas Editorial projekt\u0173 erdv\u0117je. Visos u\u017e unikali\u0173 ar riboto tira\u017eo k\u016brini\u0173 \u012fsigijim\u0105 surinktos l\u0117\u0161os skiriamos projekt\u0173 erdv\u0117s Editorial veikloms paremti bei parodoms \u012fgyvendinti. A\u010di\u016b Jums u\u017e param\u0105!","og_url":"https:\/\/www.editorial.lt\/shop\/lt\/apie-mus\/","og_site_name":"Editorial Shop","article_modified_time":"2020-05-20T13:13:17+00:00","twitter_card":"summary_large_image","schema":{"@context":"https:\/\/schema.org","@graph":[{"@type":"WebSite","@id":"https:\/\/www.editorial.lt\/shop\/#website","url":"https:\/\/www.editorial.lt\/shop\/","name":"Editorial Shop","description":"","potentialAction":[{"@type":"SearchAction","target":{"@type":"EntryPoint","urlTemplate":"https:\/\/www.editorial.lt\/shop\/?s={search_term_string}"},"query-input":"required name=search_term_string"}],"inLanguage":"en-US"},{"@type":"WebPage","@id":"https:\/\/www.editorial.lt\/shop\/lt\/apie-mus\/#webpage","url":"https:\/\/www.editorial.lt\/shop\/lt\/apie-mus\/","name":"Apie mus - Editorial Shop","isPartOf":{"@id":"https:\/\/www.editorial.lt\/shop\/#website"},"datePublished":"2019-03-06T14:42:42+00:00","dateModified":"2020-05-20T13:13:17+00:00","breadcrumb":{"@id":"https:\/\/www.editorial.lt\/shop\/lt\/apie-mus\/#breadcrumb"},"inLanguage":"en-US","potentialAction":[{"@type":"ReadAction","target":["https:\/\/www.editorial.lt\/shop\/lt\/apie-mus\/"]}]},{"@type":"BreadcrumbList","@id":"https:\/\/www.editorial.lt\/shop\/lt\/apie-mus\/#breadcrumb","itemListElement":[{"@type":"ListItem","position":1,"name":"Home"},{"@type":"ListItem","position":2,"name":"Apie mus"}]}]}},"_links":{"self":[{"href":"https:\/\/www.editorial.lt\/shop\/wp-json\/wp\/v2\/pages\/357"}],"collection":[{"href":"https:\/\/www.editorial.lt\/shop\/wp-json\/wp\/v2\/pages"}],"about":[{"href":"https:\/\/www.editorial.lt\/shop\/wp-json\/wp\/v2\/types\/page"}],"author":[{"embeddable":true,"href":"https:\/\/www.editorial.lt\/shop\/wp-json\/wp\/v2\/users\/1"}],"replies":[{"embeddable":true,"href":"https:\/\/www.editorial.lt\/shop\/wp-json\/wp\/v2\/comments?post=357"}],"version-history":[{"count":8,"href":"https:\/\/www.editorial.lt\/shop\/wp-json\/wp\/v2\/pages\/357\/revisions"}],"predecessor-version":[{"id":919,"href":"https:\/\/www.editorial.lt\/shop\/wp-json\/wp\/v2\/pages\/357\/revisions\/919"}],"wp:attachment":[{"href":"https:\/\/www.editorial.lt\/shop\/wp-json\/wp\/v2\/media?parent=357"}],"curies":[{"name":"wp","href":"https:\/\/api.w.org\/{rel}","templated":true}]}}